
11
Calculate -1 + (-22 - (-6 + -8 + 3 + 5)).
-17
Evaluate -7 + 22 - (7 + -8 + 5).
11
What is the value of 8 - (15 + -4 + 3 + -3 + -6)?
3
What is 42 + -43 + 0 + 3?
2
What is 1 - -3 - ((13 - 1) + -16)?
8
Calculate 6 + -2 + (0 + -5 - -7) + 4.
10
Evaluate -7 - (-2 - (7 - 13) - (-1 - -3)).
-9
Evaluate -22 - ((17 + -1 - (130 + -119)) + 7).
-34
What is the value of 5 + 11 + -19 + 4 - 9?
-8
What is the value of (-341 - -344) + -2 + -2 + 1 + -1?
-1
What is 70 + -74 - (-1 + (-3 - -3))?
-3
Evaluate -35 + 9 + 18 - -19.
11
Calculate 303 + -314 + -1 + -4.
-16
What is -5 - ((-3 - (1 - -13)) + (7 - 1))?
6
-3 + 23 + 1 + -2
19
What is the value of -894 - -878 - (-36 + -1)?
21
What is (2 - 1) + (-19 - 27) + 23 + 8?
-14
(-4 - 0) + 0 + 120 + -122 + 8
2
Calculate -15 - (14 + -63 + 25).
9
What is -3 + 4 + 6 + -11 - 7?
-11
0 + ((-3 - 5) + 7 - -3)
2
(17 - 14) + 11 + 6 + 0
20
What is 13 + (-5 - (-3 + -17 + 24))?
4
Calculate 35 + -1 - (-1 - (-4 - 9)).
22
What is 1 - -2 - 1 - (1 + (6 - 1))?
-4
What is the value of (-4 - 0 - -1) + (-284 - -285)?
-2
What is the value of -12 - ((-4 - 7) + (-5 - -6))?
-2
Evaluate 26 + -4 + -16 + (-11 - 2).
-7
17 + -11 - -7 - 17
-4
Evaluate 0 - 10 - (45 - (144 + -85)).
4
Calculate -1 + -1 + 1 + (-10 - -19).
8
What is the value of 2 + 17 + (-7 - -10 - (4 - -2))?
16
What is the value of 4 - (1 - 12 - (-199 - -186))?
2
What is the value of (6 - 1) + 0 - (21 + 0 + -4)?
-12
-18 - -12 - -11 - 4
1
Evaluate -16 - (-16 + 27 + -19).
-8
Calculate 14 + (-12 - 4) + 4 - -7.
9
What is the value of -1 + -31 + -897 + 902?
-27
Evaluate (-3 - -4) + -1 + -13 + 4.
-9
-17 + 4 + 7 - (1 + -11)
4
(-5 - -1) + 11 + 5 + -14 + -15
-17
Evaluate (-4 - (11 - 25)) + 0 + 3 + -1.
12
What is the value of (-1 - (-3 - -2)) + (0 - 2) + -2?
-4
-19 - -64 - 25 - 31
-11
Calculate (8 - (-18 + 37)) + 20 + (0 - 4).
5
Evaluate 1 + 35 + -238 + 214.
12
What is the value of 8 + 12 + 1 + -17?
4
(18 - 15) + (-17 - 2) + 8
-8
What is the value of -19 + (13 - (8 + -21))?
7
What is the value of (13 - (-8 + 14)) + (-3 - 10 - 2)?
-8
-5 + 13 + (-31 - -23) + (5 - 0)
5
Calculate (9 - 17) + -4 + 5.
-7
Evaluate 41 - (48 - (13 + -5)).
1
Calculate -1 + (-10 - -4) - (-8 + 13).
-12
-19 + 22 + 13 + -14
2
Evaluate 14 + -1 - (-6 - (3 + -5) - -6).
11
What is the value of (8 - 2 - 3 - -18) + -188 + 179?
12
Evaluate -31 + (17 - -2) - -10 - (-1 - 3).
2
-13 + (-344 - -357 - (16 + 1))
-17
Calculate -5 - (-6 - -4 - (4 - -4 - -4)).
9
Evaluate 0 + (-100 - -106) + (-11 - 1).
-6
What is -4 + -6 + -5 + (5 - -4)?
-6
Evaluate 24 + -46 + 2 - -14.
-6
Calculate -1 + 5 + (-5 - 1 - -4 - 0).
2
What is -60 - -58 - (3 + -8 + -16)?
19
(-13 - 1) + 7 + -5
-12
Evaluate 59 - (-13 + 27) - 32.
13
What is -22 + 6 + 9 + 8?
1
-4 - (5 + 13 + 11 + -36)
3
Calculate (-6 - 0) + -14 + 13 + -7.
-14
What is 0 + -4 - (-19 + (-5 - -21))?
-1
Calculate (44 - 4) + 259 + -323.
-24
Evaluate (-2 - 24) + 23 + 22.
19
What is -20 + (-1 - (1 - 8)) + -560 + 559?
-15
(16 - 7) + -8 - (5 + 4 + -9)
1
Evaluate 177 + -170 + 2 + -18.
-9
What is -7 + ((7 - -1) + -21 + 34 - -9)?
23
Calculate -15 + 10 + (-2 - -5) + 3.
1
What is the value of 1 + -18 + (-145 - -166)?
4
What is 3 + (0 + 7 - 1) + 221 + -230?
0
(0 - -19) + -10 + -2
7
What is the value of 10 - (-1 - (-13 + 6)) - 10 - 3?
-9
What is the value of -15 - (12 - (-13 + 19) - (-3 - -15))?
-9
Evaluate (-7 + 2 + (2 - -2) - -3) + 0.
2
Evaluate 6 - (11 - 1) - (1 + -21) - 1.
15
Evaluate -3 + 9 + -3 - (-68 - -84).
-13
-6 - ((-14 - -2) + (2 - (3 + 4)))
11
7 - (11 + (-16 - -11))
1
Evaluate 1 - (-14 - -3) - 21.
-9
What is the value of 10 + (-30 - -14) + 6?
0
-16 + -11 + (6 + -5 - -5)
-21
-132 - -90 - (-3 + -4 + 0)
-35
What is -2 + -61 + 59 + -2 + -2 + 1?
-7
8 + 2 + (-16 - -8) - (4 - -9)
-11
Evaluate -13 - -9 - (0 - 6 - (0 - 4)).
-2
Calculate 1 - (0 - (-4 - (-15 - -7))).
5
What is the value of -229 - -221 - (0 + -15)?
7
Calculate 11 - ((-3 - -2) + 3 + 3).
6
Calculate 21 + -50 + 7 + 30.
8
(-33 - -11) + 22 - 17
-17
What is 20 - (-9 + -17 + 52)?
-6
3 + 2 + -1 - (16 - (7 - -6))
1
Calculate -18 + -6 + 38 + -7.
7
What is -18 + 5 + (4 - -9)?
0
What is -6 - 24 - -14 - -27?
11
What is the value of (64 - 35) + (-1 - 12)?
16
What is ((5 - 3) + 2 - -1) + -7 + 2?
0
(-1 - -3) + (84 - 50) + -44 + 35
27
What is -3 + (6 - (12 - (3 + 3))) + -3?
-6
What is the value of 2 - -4 - -3 - 23?
-14
9 - (31 + (-27 - 13))
18
Calculate -31 + 5 + 34 - (21 - -1).
-14
What is the value of -6 + 5 + 2 + -17?
-16
What is the value of -20 + (3 - 0) + 5 - (-7 + 1)?
-6
Calculate (43 + -33 - (2 - -5)) + -15.
-12
Evaluate -9 + (-7 - -4 - -5) + 4.
-3
What is 44 + -24 - (-7 - -9 - (-4 + 0))?
14
Evaluate 1 + (0 - 0) + -143 + 128.
-14
Evaluate (68 + -36 - (2 - -15)) + 7.
22
What is the value of -4 + -3 - (-16 + -4 + 10)?
3
Evaluate (-25 - -6 - -12) + (2 + -4 - -3).
-6
What is -2 + 11 + (9 - 16) + 0 + -19?
-17
What is the value of (22 - (-18 - -1)) + -19?
20
What is the value of 2 + 1 + 0 + 2 + -24 + 26?
7
Calculate 3 + (-27 - -11) + -1.
-14
Calculate -8 - ((-43 - -41) + -1 + -2 - -8).
-11
What is 5 + (-1 - -6) + -2 - (274 - 267)?
1
What is 30 + -8 + -9 - 3?
10
Evaluate 10 - (16 - 6 - -14).
-14
-348 - -322 - (-40 + 0)
14
Evaluate (-2 - 5) + -2 + 4.
-5
What is the value of 6 + (-19 + 29 - 12)?
4
What is the value of -21 - -39 - (-3 - -43)?
-22
Evaluate 0 + 12 + -373 + 392.
31
Evaluate -232 - -246 - (35 + -1).
-20
What is the value of -59 + 38 - (1 + -4)?
-18
What is (0 - -2) + -3 - (-34 + (23 - -5))?
5
Calculate -16 + 44 + -19 - (20 - 1).
-10
(0 + 4 - (-113 + 115)) + -7
-5
Evaluate -2 + (21 - 28) - (-4 - 36).
31
What is the value of (39 - 3) + (21 - 68)?
-11
Evaluate -5 - (6 - 10 - -8) - (4 + -18).
5
Evaluate 14 - (-4 - (-12 + 9 + -6 + -2)).
7
Calculate 9 - ((0 - 3) + 5 - 0).
7
3 - (16 + -2) - -22
11
What is the value of 20 + (5 + -5 + 9 + -15 - -5)?
19
(-19 - 0) + (19 - 18) + 10
-8
Evaluate 73 - 31 - 52 - (-1 + -32).
23
What is 3 + -5 - (5 - -1 - 5) - 0?
-3
What is the value of 0 + 9 - (76 + -94 - (0 + -8))?
19
307 + -293 - (-1 + (0 - -1))
14
What is the value of (-4 - 10) + 74 + -60?
0
What is -2 + 2 + -8 + 8 + (-6 - -10)?
4
Evaluate 14 + -8 + -28 + 6.
-16
Calculate -14 - (-34 - -14) - -3.
9
Evaluate (-33 - -53) + (1 + -2 - 0) + -4.
15
-3 - ((12 - 15) + 29)
-29
What is the value of 3 + -7 + -5 - -22?
13
What is 23 + 4 + -34 + -8?
-15
What is the value of 1 + (4 - 10) + -9 - (2 - 4)?
-12
What is the value of (-2 - -3) + (-10 - -17) + -9 - 1?
-2
Calculate 1 + (2 - 6) + -3 + -1.
-7
What is 3 + 18 + -19 + -8?
-6
Evaluate 5 - (6 - (9 + -12)) - -8.
4
What is the value of -24 + (-7 - 12 - -80)?
37
-17 - (15 + -70 + 15 - -5)
18
What is -5 + (-4 + 1 + -6 - (5 - 8))?
-11
Calculate (0 - (0 - -1) - -11) + 1560 + -1572.
-2
What is -1 - -18 - ((1 - -10) + 26 + -32)?
12
What is the value of 33 + -30 + 12 - (-3 - -13)?
5
What is the value of (13 - -8) + -18 + -1?
2
Evaluate 1 - (-7 - -2 - (17 + (3 - -1))).
27
What is (-1 + (-5 - -5) - -1) + (9 - 12)?
-3
Calculate -19 - (5 - (2 - (15 - 19))).
-18
What is the value of -47 + 39 - (0 + 9)?
-17
34 - (50 + 3) - -16
-3
What is the value of 2 - (5 + -8 + 17) - (-6 - -1)?
-7
Evaluate 53 + (4 - 5) + -30.
22
What is 27 + -51 + 15 + 11?
2
What is the value of 16 + 1 + (-3 + -1 - 5) + 11?
19
-20 + 11 - (6 + -13 - -3) - 8
-13
Calculate 12 + (7 - 19) - -8 - -4.
12
Calculate (18 + -77 - -45) + (0 - -21).
7
What is 8 - (-16 + 30 + -9) - (16 + 0)?
-13
Calculate 3 + -9 - (1 - 13) - 1.
5
What is the value of -3 + -1 + -4 + -42 + 41?
-9
What is (-16 - -21) + -5 + 9?
9
What is 3 - (5 - 4) - ((-28 - 10) + 13)?
27
Evaluate -20 - -3 - -13 - (2 - 11).
5
-6 + 2 - (-2 + -4 + 1 + 12)
-11
What is 52 + 1 + -49 + -1 + -22?
-19
-9 + (2 - (5 + -12)) - -4 - -15
19
What is the value of -1 + -7 + (34 - 12)?
14
Calculate -1 + (-4 - -4) + 25 + (7 - 27).
4
Calculate 9 + (-28 - -18) - 28.
-29
(-2 - 15) + -90 + 111
4
(-19 - -5 - 6) + (10 - 0)
-10
What is the value of -2458 - -2464 - (19 - ((1 - 1) + -1))?
-14
-6 + ((6 - 12) + -4 - -2 - -7)
-7
Calculate 7 + (-8 - (-10 + -1)).
10
-3 - (-8 + 8 - 9) - 16
-10
Evaluate 10 + 4 + (-12 - 0) + -6.
-4
32 - (22 + -18) - 10
18
What is the value of 0 + 21 - (-24 - -32)?
13
What is the value of -6 + (-3 - -6) + 7 - 9?
-5
Calculate -10 + (-3 + -3 + -2 - -16).
-2
Calculate (-2 - 0) + (-2 - (11 + -14)).
-1
Calculate 2 + (4 + -17 - -6) + -1 + 